t b(j) = j**2 - 4*j - 3. What is b(0)?
-3
Let p(z) = z - 5. Calculate p(-5).
-10
Let j(y) = y**2 + 21*y - 138. Determine j(-27).
24
Let p(d) = 3*d**2 + d - 4. Calculate p(2).
10
Let s(r) = -2*r + 43. Calculate s(12).
19
Let d(l) = l + 2. Give d(10).
12
Let k(u) = -u**2 - 2*u + 12. Calculate k(-5).
-3
Let y(f) = f**2 + 3*f + 4. Give y(-3).
4
Let t(z) = 2*z**2 - 5*z - 11. Give t(6).
31
Let f(u) = -3*u**2 - 62*u - 40. Determine f(-20).
0
Let n(o) = 13*o - 2. What is n(3)?
37
Let i(j) = -4*j + 3. What is i(-1)?
7
Let j(v) = 4*v - 62. Calculate j(13).
-10
Let g(s) = -4*s**2 - 9*s + 8. Calculate g(1).
-5
Let y(v) = v**2 - 21*v + 16. Determine y(19).
-22
Let l(t) = t**3 - 15*t**2 + 19*t - 67. Give l(14).
3
Let b(s) = -s**3 - 11*s**2 + s - 12. Give b(-11).
-23
Let c(o) = -o**3 - 7*o**2 - 13*o + 3. Calculate c(-3).
6
Let u(k) = 4*k - 33. Give u(6).
-9
Let z(y) = -21*y**3 - y**2 - y - 1. What is z(-1)?
20
Let o(j) = -j**2 - 16*j - 33. Give o(-13).
6
Let g(c) = -c**3 - 6*c**2 + 2*c - 3. What is g(-7)?
32
Let o(x) = -x**3 - 3*x**2 + 24*x + 61. Calculate o(-5).
-9
Let b(r) = -r**2 - 6*r + 8. Calculate b(-8).
-8
Let h(m) = m**2 - 2*m + 9. Calculate h(6).
33
Let x(u) = -2*u**2 + 13*u - 7. What is x(10)?
-77
Let c(w) = -4*w + 193. Calculate c(45).
13
Let g(l) = 20*l - 125. Calculate g(6).
-5
Let g(n) = 37*n + 303. Calculate g(-8).
7
Let z(u) = u**3 + 4*u**2 - 13*u - 44. Calculate z(-3).
4
Let g(b) = -5*b + 101. Calculate g(20).
1
Let p(j) = -4*j - 44. What is p(-6)?
-20
Let x(h) = -10*h**2 - 72*h - 4. Determine x(-7).
10
Let q(b) = 30*b - 15. Calculate q(4).
105
Let p(j) = 13*j + 17. Give p(-1).
4
Let k(s) = -7*s + 49. Give k(7).
0
Let a(h) = -3*h - 3. Determine a(3).
-12
Let a(g) = g**3 + 2*g**2 - 63*g - 1. Determine a(7).
-1
Let u(j) = -j - 11. Determine u(-5).
-6
Let w(i) = i**2 + 2*i - 6. Give w(0).
-6
Let x(q) = -2*q**2 - 46*q + 5. Calculate x(-23).
5
Let t(w) = 41*w - 362. What is t(9)?
7
Let q(l) = -l**2 + 3*l + 1. Calculate q(2).
3
Let u(t) = 2*t**3 + 3*t**2 + 2*t + 3. Determine u(-2).
-5
Let f(n) = -2*n**2 + 64*n + 9. Give f(32).
9
Let v(h) = -4*h**2 + 4*h + 4. Determine v(-4).
-76
Let w(u) = -3*u + 25. Determine w(8).
1
Let t(x) = 3*x + 11. Determine t(18).
65
Let w(k) = -k**2 - 10*k + 16. Give w(-11).
5
Let b(h) = -5*h**2 - 9*h + 6. Give b(4).
-110
Let z(a) = -a + 49. Determine z(-22).
71
Let a(y) = 33*y - 393. Determine a(12).
3
Let a(d) = -d**3 - 5*d**2 - 13. Give a(-6).
23
Let r(y) = 29*y - 190. Determine r(6).
-16
Let o(c) = c**3 + 7*c**2 - 5*c + 5. Give o(-8).
-19
Let a(o) = 62*o**3 + o**2 - 3*o + 2. Give a(1).
62
Let c(z) = -8*z - 18. Determine c(8).
-82
Let k(r) = 13*r + 2. What is k(2)?
28
Let d(c) = -4*c - 5. What is d(-9)?
31
Let r(i) = -9*i - 77. Determine r(-8).
-5
Let n(r) = -r**3 - 18*r**2 - 21*r - 24. What is n(-17)?
44
Let r(v) = 4*v + 4. Calculate r(-4).
-12
Let l(a) = a**2 - 22*a + 89. Calculate l(17).
4
Let x(g) = 15*g - 381. Give x(26).
9
Let b(u) = -3*u**2 - 59*u - 19. Give b(-19).
19
Let w(k) = -k + 18. What is w(7)?
11
Let y(c) = 9*c**2 - 1. Determine y(1).
8
Let p(x) = -x**3 - x**2 + 30*x - 6. Calculate p(-7).
78
Let c(l) = l**3 - 6*l**2 + 3*l - 9. What is c(6)?
9
Let z(y) = 155*y + 1394. What is z(-9)?
-1
Let x(l) = l**2 - 10*l + 29. What is x(10)?
29
Let a(f) = 5*f**2 - 2*f - 3. What is a(4)?
69
Let m(p) = -p**2 + 2*p - 1. Give m(-6).
-49
Let v(f) = 8*f + 11. What is v(-18)?
-133
Let v(i) = -i**2 + 8*i + 17. What is v(9)?
8
Let b(z) = -5*z - 25. Calculate b(-4).
-5
Let d(q) = -30*q. Determine d(5).
-150
Let q(y) = y**3 - 23*y**2 + 20*y + 35. Determine q(22).
-9
Let m(n) = -n**3 + 9*n**2 + 16*n - 32. Calculate m(10).
28
Let m(n) = 14*n + 3. Determine m(1).
17
Let g(h) = 8*h + 6. Calculate g(3).
30
Let c(k) = -51*k + 67. Calculate c(1).
16
Let w(a) = 4*a**2 + 21*a - 7. What is w(-4)?
-27
Let d(w) = -3*w**2 - 31*w - 8. Give d(-10).
2
Let a(o) = -o**2 - 17*o + 15. What is a(-24)?
-153
Let b(x) = 56*x + 341. What is b(-6)?
5
Let m(o) = -o**2 + 12*o - 7. Give m(13).
-20
Let n(v) = v**3 + 7*v**2 + 7*v - 1. What is n(-6)?
-7
Let a(z) = 4*z**2 + 7*z + 1. Determine a(-3).
16
Let g(u) = 2*u**2 + 22*u + 64. What is g(-6)?
4
Let b(n) = 2*n - 10. What is b(7)?
4
Let m(v) = -v**2 + 10*v + 13. What is m(7)?
34
Let y(w) = w**3 - 7*w + 2. Give y(4).
38
Let d(p) = -2*p**3 - 69*p**2 + 36*p + 49. Give d(-35).
14
Let x(a) = -a**2 + 3*a - 3. Calculate x(5).
-13
Let c(d) = d**3 - 7*d**2 + 7*d - 7. What is c(6)?
-1
Let m(o) = -o**3 - 7*o**2 + o + 14. Calculate m(-6).
-28
Let u(v) = 2*v**3 + 4*v**2 + 2*v + 29. Calculate u(0).
29
Let h(f) = -2*f**2 + 14*f - 9. Calculate h(5).
11
Let m(j) = j**3 + 10*j**2 - 15*j - 13. What is m(-11)?
31
Let b(y) = -y**3 + 11*y**2 - 32*y + 11. Give b(4).
-5
Let z(r) = -4*r + 13. What is z(7)?
-15
Let a(l) = 10*l + 1. Calculate a(-7).
-69
Let b(i) = 2*i**2 - 18*i + 34. What is b(7)?
6
Let b(x) = -x**3 - 12*x**2 - 14*x - 15. Calculate b(-11).
18
Let y(r) = 3*r**2 + 17*r + 2. Determine y(-5).
-8
Let j(g) = -2*g + 9. Determine j(-8).
25
Let d(a) = -51*a**3 - a**2 + a - 2. What is d(1)?
-53
Let z(m) = -m**2 - 3. Give z(4).
-19
Let m(n) = n**2 - 13*n + 40. Calculate m(6).
-2
Let s(a) = a**3 - 4*a**2 - a + 11. Determine s(6).
77
Let l(n) = 2*n + 17. Give l(-3).
11
Let r(i) = -i**2 - 3*i + 4. Calculate r(-3).
4
Let b(w) = 5*w + 77. Calculate b(-16).
-3
Let k(u) = u**3 - 3*u**2 + 8*u - 41. What is k(4)?
7
Let d(h) = -18*h + 1. Give d(-1).
19
Let k(t) = 4*t**2 - 31*t - 39. Determine k(9).
6
Let i(o) = 2*o**2 - 3*o - 3. Give i(4).
17
Let n(a) = -5*a**2 - 3*a - 2. What is n(-1)?
-4
Let v(f) = -3*f - 22. Determine v(11).
-55
Let y(d) = d + 21. Give y(-7).
14
Let m(h) = h**2 - 22*h - 201. Determine m(29).
2
Let i(b) = -7*b**3 - 3*b**2 - 7*b - 4. Give i(-2).
54
Let q(d) = -4*d + 85. Determine q(21).
1
Let o(i) = -14*i - 2. Calculate o(2).
-30
Let q(a) = -3*a**2 - 105*a + 16. Calculate q(-35).
16
Let z(m) = 2*m**3 - m**2 - 2*m - 2. Give z(-1).
-3
Let f(s) = -s - 1. Give f(-2).
1
Let j(v) = -v**3 + 5*v**2 + 4*v - 3. Calculate j(6).
-15
Let j(g) = g**3 - 33*g**2 + 13*g + 609. What is j(32)?
1
Let u(f) = -2*f**3 - f**2 + f - 8. Calculate u(0).
-8
Let j(d) = -d**3 - d**2 + 4. Give j(-3).
22
Let g(a) = 72*a + 5. Give g(1).
77
Let a(q) = 72*q**2 + 2*q - 1. Give a(1).
73
Let j(p) = 2*p**2 - 9*p + 1. Give j(4).
-3
Let l(d) = d**3 - 4*d**2 - 3*d + 30. What is l(4)?
18
Let z(x) = x + 29. Determine z(-8).
21
Let x(s) = -s**2 + 16*s - 3. What is x(16)?
-3
Let s(r) = -r**3 - 11*r**2 - 8*r - 5. Calculate s(-10).
-25
Let l(b) = -b**3 + 11*b**2 - 6. Determine l(11).
-6
Let q(g) = g + 3. Give q(0).
3
Let u(s) = s**3 - 6*s**2 - s + 26. Give u(4).
-10
Let v(j) = -j**2 - 14*j + 4. Calculate v(-13).
17
Let n(l) = 2*l - 14. Give n(-4).
-22
Let u(l) = -2*l**2 - 4*l + 573. Give u(16).
-3
Let n(j) = j**2 + 7. Calculate n(4).
23
Let t(o) = o**2 + 17*o - 14. Calculate t(-13).
-66
Let f(r) = -8*r**2 + 1. Determine f(3).
-71
Let c(r) = 12*r**3 + r**2 - 2*r. Give c(1).
11
Let p(u) = -u**3 - 10*u**2 - 4. Calculate p(-10).
-4
Let d(v) = -v**3 + 14*v**2 + 7*v - 15. Give d(14).
83
Let o(w) = 33*w - 194. Calculate o(6).
4
Let v(o) = 4*o - 1. Determine v(0).
-1
Let s(m) = -m**3 + 29*m**2 - 54*m - 16. Determine s(27).
-16
Let f(g) = 3*g - 91. Determine f(33).
8
Let a(m) = -7*m - 2. What is a(4)?
-30
Let a(f) = 2*f + 30. What is a(-20)?
-10
Let m(u) = -u**2 - 4*u + 10. What is m(4)?
-22
Let v(n) = 13*n - 413. What is v(32)?
3
Let r(u) = u - 1. Give r(28).
27
Let i(p) = -p**2 - 11*p - 14. Give i(-16).
-94
Let w(v) = v - 15. Give w(12).
-3
Let f(n) = -n**2 + 10*n + 22. Calculate f(-5).
-53
Let x(g) = -6*g + 9. Give x(5).
-21
Let y(n) = n**2 - 3*n - 3. Calculate y(3).
-3
Let g(u) = -u**3 + u**2 + u + 28. Give g(0).
28
Let p(s) = -s**3 + 24*s**2 - 2*s + 108. Calculate p(24).
60
Let g(p) = p**2 + 9*p - 1. What is g(-8)?
-9
Let x(p) = -p + 13. What is x(-17)?
30
Let y(v) = -3*v - 42. Calculate y(-5).
-27
Let w(b) = 2*b**2 + b - 12. Give w(7).
93
Let b(x) = 2*x**2 + 4*x - 1. Determine b(1).
5
Let y(s) = s**3 + 21*s**2 - 98*s + 39. Calculate y(-25).
-11
Let k(d) = 4*d - 86. Give k(18).
-14
Let x(w) = -32*w + 125. Determine x(5).
-35
Let v(c) = -c**3 + 54*c**2 - 52*c - 43. Calculate v(53).
10
Let s(q) = -55*q + 9. Calculate s(4).
-211
Let h(q) = -q**3 - q - 15. Determine h(0